1 - -2)*b. Let a = w + 5. What are the prime factors of a?
3
Let g(a) = a**3 - 7*a**2 - 9*a - 4. Let t be g(8). Let v = 10 - t. List the prime factors of v.
2, 11
List the prime factors of (-5)/(4 - (1 - -4)).
5
Suppose 3*o - 4*m = 48, 3*o - 3*m = 60 - 12. Suppose -o = 7*q - 9*q. List the prime factors of q.
2
Let l(s) = -3 - 16*s - 19*s - 12*s + 35*s. List the prime factors of l(-4).
3, 5
Let j(s) = -s**2 - 4*s - 3. Let c be j(-3). Suppose 44 = 4*k - c*k. List the prime factors of k.
11
Let b be (-48)/(-27) + 4/18. Suppose 2*g = g - b. Let w = 9 - g. List the prime factors of w.
11
Suppose 0*c - 3*c - 4*b = 2, 0 = c + b. What are the prime factors of c - -1*(3 - -2)?
7
Suppose 4*p = 17 + 3, -4*y + 4*p = -956. What are the prime factors of y?
2, 61
Let w = 32 - 10. What are the prime factors of w?
2, 11
What are the prime factors of 3 + (0 - (0 + -2))?
5
Let g be 3*(35/3 - -2). Suppose 4 + 4 = z - 3*y, 0 = -2*z + 5*y + 18. Suppose g = 5*m - z. What are the prime factors of m?
11
What are the prime factors of (-103)/(-2) + 3 + (-4)/(-8)?
5, 11
Let x = -6 + 9. Suppose 30 = 5*u - x*u. What are the prime factors of u?
3, 5
Let t be 5 - 3/((-3)/(-2)). Suppose -2*a = t*a - 10. What are the prime factors of -18*(3/2 - a)?
3
Let v(q) = -q**2 - 3. Let d be v(3). Let k = 29 + d. List the prime factors of k.
17
Suppose x - 518 = -3*d, -2*d - 2*x + 348 = -4*x. What are the prime factors of d?
173
Let g(f) = -f + 2. Let b be g(0). Suppose 6 = -b*s + 12. Suppose h = s*h - 32. List the prime factors of h.
2
Let n(j) = 14*j + 6. Let w(z) = -z - 1. Let t(y) = -n(y) - 12*w(y). What are the prime factors of t(-6)?
2, 3
Suppose 5*b - 87 = 78. List the prime factors of b.
3, 11
Let r = 2 + 2. Suppose -r = -0*y + y. Let n(q) = q**2 + q + 2. List the prime factors of n(y).
2, 7
Suppose p + 5*a - 52 = 0, -a + 6*a + 333 = 4*p. List the prime factors of p.
7, 11
Suppose 19 = 5*k - 6. Let v = k + 0. Suppose -d + 0*y + 11 = v*y, 2*y = -3*d + 33. What are the prime factors of d?
11
Suppose -6 + 2 = 2*k. What are the prime factors of (4/8)/(k/(-24))?
2, 3
Let v(w) = 3*w + 5. Let d be v(-6). Let c = 23 + d. List the prime factors of c.
2, 5
List the prime factors of (-1)/((-2 + 0)/34).
17
Suppose -v + 2*v - 5*t = 2, -2 = -v + t. What are the prime factors of v?
2
Let s(h) = h**3 + h**2 - 14*h - 1. List the prime factors of s(6).
167
Suppose -4 = -2*h + 2. Suppose 3*n = -2*n - 4*m + 236, 0 = 3*n + h*m - 144. List the prime factors of n.
2, 11
Let m(k) be the second derivative of k**4/12 + 13*k**3/6 + 2*k**2 + 6*k. List the prime factors of m(-13).
2
Let f(q) = q + 14. Suppose 2*a - 7*a = 0, 4*a = 4*j + 24. Let t = 0 + j. What are the prime factors of f(t)?
2
Suppose -42 = -2*w + 8. List the prime factors of w.
5
Let x = -8 - -79. What are the prime factors of x?
71
Suppose 43 = -p - 4*h, -5*h - 33 + 77 = -3*p. Let l = p + 35. What are the prime factors of l?
2, 3
Suppose 0*r = -3*r + 30. Suppose -3*a = -a - 8. Let d = r - a. List the prime factors of d.
2, 3
Let s = 36 - 29. Suppose 0 = -2*c + s*c + 3*x - 33, -c = 3*x - 9. List the prime factors of c.
2, 3
Let h(o) = -14*o - 95. What are the prime factors of h(-29)?
311
Suppose 58 - 22 = y. List the prime factors of y.
2, 3
Let k be (3 - -26)/(1 + 0). Let c = k + 21. What are the prime factors of c?
2, 5
Let x be -9 + ((-3)/1 - -6). List the prime factors of 2*(-2 + (-27)/x).
5
Let s = 40 - -75. What are the prime factors of s?
5, 23
Suppose -3*r - 1 = 5*f + 30, 4*r + 13 = -f. What are the prime factors of (r + 26/7)*7?
2, 3
Let y(o) = o**3 - 17*o**2 - 16*o + 5. What are the prime factors of y(18)?
41
What are the prime factors of (3 + (-36)/8)*-2?
3
Let i(p) = -2*p**2 - 8*p - 4. What are the prime factors of i(-3)?
2
Let f(s) = -15*s. Let r be f(-6). Let z = -63 + r. List the prime factors of z.
3
Let q = 12 - 7. Suppose -121 = -4*m + 5*c, -q*m + c = 6*c - 95. Suppose 3*g = -g + m. What are the prime factors of g?
2, 3
Let b be 3/(-6)*-2 - 10. Let y(f) = f**3 + 8*f**2 - 11*f - 3. Let z be y(b). What are the prime factors of 6/z + 33/5?
7
Suppose 2*m - 3*g = 1, 3*m + 5*g = -12 + 4. Suppose 3*t = a + 4*a + 12, -t = -5*a + 6. What are the prime factors of t/(-12)*m*4?
3
Let c be ((-8)/(-12))/((-2)/(-33)). Let r(w) = -2*w + 1. Let v(z) = z. Let d(l) = c*v(l) + 6*r(l). List the prime factors of d(4).
2
Suppose 3*i - 154 = -2*y + i, -2*y - i + 155 = 0. What are the prime factors of y?
2, 3, 13
Let y = 2 - 0. Suppose n = -y*n + 24. What are the prime factors of n?
2
What are the prime factors of -3 + 2 + 7/(7/106)?
3, 5, 7
Let t(j) = j + 11. Let m be t(-8). Suppose -7 = 3*v - 5*w - 26, 5*v - m*w = 21. What are the prime factors of v?
3
What are the prime factors of (-21)/(-9) + -3 - (-1770)/9?
2, 7
Let z(c) be the first derivative of c**3/3 + 4*c**2 + 4*c + 2. Let h be z(-3). List the prime factors of (-1)/(1/(-1)) - h.
2, 3
What are the prime factors of (-58)/(-1 + 0 - 0)?
2, 29
Let r(u) = -2*u**3 - 5*u**2 + 4*u + 4. What are the prime factors of r(-6)?
2, 29
Let z be 25/((-1)/(-2)*-1). Let t be -1*(z/2 - -2). Suppose -2*o + 26 = 4*q, -t = -5*q + q - o. What are the prime factors of q?
5
Let s be (0/(-2 - -4))/(-1). Let z = 79 + -55. Suppose s = 4*m - z - 0. List the prime factors of m.
2, 3
Let z(t) = -t**3 - 6*t**2 + 6*t - 3. Let d be z(-7). Suppose -d*r + 17 = -67. Let x = r + -9. What are the prime factors of x?
2, 3
Suppose -3*u - u - l = -5, 2*u - 25 = -5*l. Suppose 0 = -u*x - x + 18. List the prime factors of x.
2, 3
Suppose 5*h - 2*l - 1327 = 0, -7*h + 4*h + 792 = 3*l. What are the prime factors of h?
5, 53
Let j(y) = 2*y + 3 - y + 2 - 2. Let g be j(-3). Suppose 0*s + 5*s = m + 6, s - 4 = g. What are the prime factors of m?
2, 7
Let p = 17 - 12. List the prime factors of (-2)/(-5)*2*p.
2
Suppose 2 = -s + 8. Let d = s - 4. What are the prime factors of d?
2
Let s = 13 - 10. Suppose 4*d + 5*h + 0*h = 121, s*d + h = 88. What are the prime factors of d?
29
Suppose -5*p + 30 = 5*c, -2*p + 2 = -5*c - 10. Let b = 10 - p. Suppose -2*h + 34 = b*y, y = -y - 5*h + 29. What are the prime factors of y?
7
Let i = 198 - 331. List the prime factors of i/(-7)*1/1.
19
Suppose 3*c = -0*c + 3. Let b = 7 + c. List the prime factors of b.
2
Let z(b) = 2*b**3 + b**2 - 4*b + 3. Let l be z(2). Let w be l/5*(-1 + 0). What are the prime factors of w/(-2 + 15/12)?
2
Suppose -b + 0*b - 4*t + 3 = 0, 4*t = 2*b - 42. Suppose 0 = 2*h - 11 - b. What are the prime factors of h?
13
Let x be -12 + 1 - (0 - -2). Let h = x + 21. What are the prime factors of h?
2
List the prime factors of ((-72)/(-10))/(5/((-800)/(-6))).
2, 3
Let p be 6/4*(-192)/(-8). Let t = -7 + p. List the prime factors of t.
29
Suppose o = s + 1, 3*o + 9*s - 19 = 4*s. Suppose 7*w - o*w - 140 = 0. List the prime factors of w.
5, 7
Let z = 251 - 159. What are the prime factors of z?
2, 23
Let u = 434 + -94. What are the prime factors of u?
2, 5, 17
Let u(g) = -g**3 + 5*g**2 + 6*g + 3. Let y be u(6). Let l(c) = 0*c + 0 - c - y. What are the prime factors of l(-7)?
2
Let h = -38 - -76. Let y = 6 + h. Suppose -4*j + y = 4*l, l - 2*l + 11 = 5*j. What are the prime factors of l?
11
Let l = 141 - 81. List the prime factors of ((-14)/8)/((-3)/l).
5, 7
Suppose 3*l - 430 = -19. List the prime factors of l.
137
Let k(b) be the third derivative of b**6/4 - b**5/60 + b**4/12 - b**3/6 + 5*b**2. What are the prime factors of k(1)?
2, 3, 5
Let c = 0 + 31. What are the prime factors of c?
31
Suppose -m = -5*b - 22, b - 6 + 2 = 3*m. Suppose 0 = i + i - 24. Let n = i + m. What are the prime factors of n?
3
Suppose 1 + 0 = -2*t - 5*w, -5*w = 5*t - 35. Suppose -v - t = -4*v. What are the prime factors of v?
2
Let m = -33 - -24. Let y(j) = -6*j - 9. List the prime factors of y(m).
3, 5
Let r be 55/25 - (-1)/(-5). Suppose -4 = -r*p + 20. What are the prime factors of p?
2, 3
Let o(x) = -8*x - 4. Let n = -9 - -3. What are the prime factors of o(n)?
2, 11
Let f(z) be the third derivative of z**5/60 + z**4/24 + z**3/2 + 2*z**2. Let g be f(-3). Let y = 14 - g. What are the prime factors of y?
5
Suppose 0 = -3*w + 27 + 54. What are the prime factors of w?
3
Let n = -131 - -245. What are the prime factors of n?
2, 3, 19
Let h = 6 - 8. List the prime factors of h*(-2)/(-4)*-17.
17
Suppose u - 17 = 4*f, -2*u - 5*f -